{"id":6,"date":"2012-12-18T15:18:48","date_gmt":"2012-12-18T15:18:48","guid":{"rendered":"http:\/\/www.islacuicuilodge.cl\/?page_id=6"},"modified":"2024-10-23T19:00:52","modified_gmt":"2024-10-23T22:00:52","slug":"el-lugar","status":"publish","type":"page","link":"https:\/\/www.islacuicuilodge.cl\/?page_id=6","title":{"rendered":"El Lugar y su entorno"},"content":{"rendered":"<div class=\"wp-block-image\">\n<figure class=\"aligncenter\"><a href=\"https:\/\/www.islacuicuilodge.cl\/wp-content\/uploads\/2012\/12\/Panor\u00e1mica-N\u00ba2.jpg\"><img loading=\"lazy\" decoding=\"async\" width=\"800\" height=\"600\" src=\"https:\/\/www.islacuicuilodge.cl\/wp-content\/uploads\/2012\/12\/Panor\u00e1mica-N\u00ba2.jpg\" alt=\"Panor\u00e1mica N\u00ba2\" class=\"wp-image-171\" srcset=\"https:\/\/www.islacuicuilodge.cl\/wp-content\/uploads\/2012\/12\/Panor\u00e1mica-N\u00ba2.jpg 800w, https:\/\/www.islacuicuilodge.cl\/wp-content\/uploads\/2012\/12\/Panor\u00e1mica-N\u00ba2-300x225.jpg 300w, https:\/\/www.islacuicuilodge.cl\/wp-content\/uploads\/2012\/12\/Panor\u00e1mica-N\u00ba2-624x468.jpg 624w\" sizes=\"(max-width: 800px) 100vw, 800px\" \/><\/a><\/figure><\/div>\n\n<p>\u00a0<\/p>\n<p style=\"text-align: justify;\">La Isla Cui Cui se encuentra ubicada en el lago Puyehue. Se accede navegando cinco minutos en lancha. Est\u00e1 a 67 kil\u00f3metros de la ciudad de Osorno hacia la Cordillera de los Andes, y a solo 40 minutos del aeropuerto de esta ciudad.<\/p>\n<p style=\"text-align: justify;\">Tiene una superficie de 12,2 hect\u00e1reas. Las acomodaciones est\u00e1n rodeadas de un entorno natural privilegiado, con una espectacular vista al lago, a los nevados de los Andes y al Volc\u00e1n Puyehue.<\/p>\n<p style=\"text-align: justify;\">Estamos estrat\u00e9gicamente ubicados para acceder en minutos al Hotel Termas de Puyehue, al espectacular centro de esqu\u00ed Antillanca, al Parque Nacional Puyehue, al Lago Rupanco y a muchas otras atracciones de los alrededores. Nos encontramos a menos de dos horas del Lago Llanquihue para visitar hermosos lugares como Frutillar, Puerto Varas, Puerto Octay, Ensenada, el Salto del Petrohu\u00e9 y el hermoso Lago Todos los Santos. Tambi\u00e9n podemos llegar en dos horas al inigualable Puerto Montt, con sus famosas atracciones tur\u00edsticas, artesanales y gastron\u00f3micas, y a Valdivia con su R\u00edo Calle Calle. Nuestra proximidad al paso fronterizo Cardenal Samor\u00e9 nos permite un f\u00e1cil y c\u00f3modo acceso a la hermosa localidad argentina Villa la Angostura y a la internacionalmente reconocida ciudad de Bariloche.<\/p>\n<p style=\"text-align: justify;\">Para los aficionados a la pesca, la isla se encuentra pr\u00f3xima a acreditados lugares para la pr\u00e1ctica de este deporte. Entre otros podemos mencionar: R\u00edo Gol Gol, Laguna El Toro, el r\u00edo Coihueco y la Laguna El Encanto.<\/p>\n<p style=\"text-align: justify;\">Adem\u00e1s podr\u00e1s disfrutar de caminatas por los senderos, nadar, paseos en kayaks alrededor de la isla y de las islas vecinas. Ahora, si quieres disfrutar de otras actividades fuera de la isla, como paseos a ciudades vecinas, trekking en los parques nacionales, ir a esquiar, o ir a pasar el d\u00eda y almorzar en el lado Argentino, o bien quieres disfrutar de las maravillosas termas del \u00e1rea, todo esto est\u00e1 f\u00e1cilmente accesible.<\/p>\n<p style=\"text-align: justify;\"><a style=\"line-height: 1.714285714; font-size: 1rem;\" href=\"https:\/\/www.islacuicuilodge.cl\/wp-content\/uploads\/2012\/12\/caba\u00f1a-N\u00ba-3.jpg\"><img loading=\"lazy\" decoding=\"async\" class=\"aligncenter size-full wp-image-150\" src=\"https:\/\/www.islacuicuilodge.cl\/wp-content\/uploads\/2012\/12\/caba\u00f1a-N\u00ba-3.jpg\" alt=\"caba\u00f1a N\u00ba 3\" width=\"800\" height=\"600\" srcset=\"https:\/\/www.islacuicuilodge.cl\/wp-content\/uploads\/2012\/12\/caba\u00f1a-N\u00ba-3.jpg 800w, https:\/\/www.islacuicuilodge.cl\/wp-content\/uploads\/2012\/12\/caba\u00f1a-N\u00ba-3-300x225.jpg 300w, https:\/\/www.islacuicuilodge.cl\/wp-content\/uploads\/2012\/12\/caba\u00f1a-N\u00ba-3-624x468.jpg 624w\" sizes=\"(max-width: 800px) 100vw, 800px\" \/><\/a><\/p>\n<p style=\"text-align: justify;\">\u00a0 \u00a0\u00a0\u00a0 \u00a0 \u00a0 \u00a0 \u00a0 \u00a0 \u00a0 \u00a0 \u00a0 \u00a0 \u00a0 \u00a0 \u00a0 \u00a0 \u00a0 \u00a0 \u00a0 \u00a0\u00a0<em><strong>\u00a0 \u00a0<\/strong><\/em>\u00a0<em><strong>\u00a0 \u00a0 \u00a0\u00a0<\/strong><\/em><\/p>\n<p style=\"text-align: justify;\"><a href=\"https:\/\/www.islacuicuilodge.cl\/wp-content\/uploads\/2012\/12\/Caba\u00f1a-y-quincho-desde-el-lago.jpg\"><img loading=\"lazy\" decoding=\"async\" class=\"wp-image-153 aligncenter\" src=\"https:\/\/www.islacuicuilodge.cl\/wp-content\/uploads\/2012\/12\/Caba\u00f1a-y-quincho-desde-el-lago.jpg\" alt=\"Caba\u00f1a y quincho desde el lago\" width=\"815\" height=\"611\" srcset=\"https:\/\/www.islacuicuilodge.cl\/wp-content\/uploads\/2012\/12\/Caba\u00f1a-y-quincho-desde-el-lago.jpg 800w, https:\/\/www.islacuicuilodge.cl\/wp-content\/uploads\/2012\/12\/Caba\u00f1a-y-quincho-desde-el-lago-300x225.jpg 300w, https:\/\/www.islacuicuilodge.cl\/wp-content\/uploads\/2012\/12\/Caba\u00f1a-y-quincho-desde-el-lago-624x468.jpg 624w\" sizes=\"(max-width: 815px) 100vw, 815px\" \/><\/a><\/p>\n<p style=\"text-align: justify;\"><a href=\"https:\/\/www.islacuicuilodge.cl\/wp-content\/uploads\/2012\/12\/Casa-de-administraci\u00f3n.jpg\"><img loading=\"lazy\" decoding=\"async\" class=\"wp-image-158 aligncenter\" src=\"https:\/\/www.islacuicuilodge.cl\/wp-content\/uploads\/2012\/12\/Casa-de-administraci\u00f3n.jpg\" alt=\"Casa de administraci\u00f3n\" width=\"823\" height=\"617\" srcset=\"https:\/\/www.islacuicuilodge.cl\/wp-content\/uploads\/2012\/12\/Casa-de-administraci\u00f3n.jpg 800w, https:\/\/www.islacuicuilodge.cl\/wp-content\/uploads\/2012\/12\/Casa-de-administraci\u00f3n-300x225.jpg 300w, https:\/\/www.islacuicuilodge.cl\/wp-content\/uploads\/2012\/12\/Casa-de-administraci\u00f3n-624x468.jpg 624w\" sizes=\"(max-width: 823px) 100vw, 823px\" \/><\/a><\/p>\n<p style=\"text-align: justify;\"><a href=\"https:\/\/www.islacuicuilodge.cl\/wp-content\/uploads\/2012\/12\/Array\u00e1n.jpg\"><img loading=\"lazy\" decoding=\"async\" class=\"alignleft\" src=\"https:\/\/www.islacuicuilodge.cl\/wp-content\/uploads\/2012\/12\/Array\u00e1n.jpg\" alt=\"Array\u00e1n\" width=\"349\" height=\"521\" \/><\/a><\/p>\n<p style=\"text-align: justify;\"><a href=\"https:\/\/www.islacuicuilodge.cl\/wp-content\/uploads\/2012\/12\/Sendero.jpg\"><img loading=\"lazy\" decoding=\"async\" class=\"wp-image-167 alignright\" src=\"https:\/\/www.islacuicuilodge.cl\/wp-content\/uploads\/2012\/12\/Sendero.jpg\" alt=\"Sendero\" width=\"373\" height=\"499\" srcset=\"https:\/\/www.islacuicuilodge.cl\/wp-content\/uploads\/2012\/12\/Sendero.jpg 598w, https:\/\/www.islacuicuilodge.cl\/wp-content\/uploads\/2012\/12\/Sendero-224x300.jpg 224w\" sizes=\"(max-width: 373px) 100vw, 373px\" \/><\/a><\/p>\n<p style=\"text-align: justify;\"><a href=\"https:\/\/www.islacuicuilodge.cl\/wp-content\/uploads\/2012\/12\/Panor\u00e1mica-N\u00ba1.jpg\"><img loading=\"lazy\" decoding=\"async\" class=\"aligncenter  wp-image-170\" src=\"https:\/\/www.islacuicuilodge.cl\/wp-content\/uploads\/2012\/12\/Panor\u00e1mica-N\u00ba1.jpg\" alt=\"Panor\u00e1mica N\u00ba1\" width=\"830\" height=\"623\" srcset=\"https:\/\/www.islacuicuilodge.cl\/wp-content\/uploads\/2012\/12\/Panor\u00e1mica-N\u00ba1.jpg 800w, https:\/\/www.islacuicuilodge.cl\/wp-content\/uploads\/2012\/12\/Panor\u00e1mica-N\u00ba1-300x225.jpg 300w, https:\/\/www.islacuicuilodge.cl\/wp-content\/uploads\/2012\/12\/Panor\u00e1mica-N\u00ba1-624x468.jpg 624w\" sizes=\"(max-width: 830px) 100vw, 830px\" \/><\/a><\/p>\n<p style=\"text-align: justify;\">\u00a0 \u00a0 \u00a0 \u00a0 \u00a0 \u00a0 \u00a0 \u00a0 \u00a0 \u00a0 \u00a0 \u00a0 \u00a0 \u00a0 \u00a0 \u00a0<em><strong>\u00a0 \u00a0 \u00a0 \u00a0 \u00a0 \u00a0 \u00a0 \u00a0 \u00a0 \u00a0\u00a0<\/strong><\/em><\/p>\n<p style=\"text-align: justify;\"><a style=\"line-height: 1.714285714; font-size: 1rem;\" href=\"https:\/\/www.islacuicuilodge.cl\/wp-content\/uploads\/2012\/12\/Panor\u00e1mica-Nn\u00ba6.jpg\"><img loading=\"lazy\" decoding=\"async\" class=\"aligncenter  wp-image-180\" src=\"https:\/\/www.islacuicuilodge.cl\/wp-content\/uploads\/2012\/12\/Panor\u00e1mica-Nn\u00ba6.jpg\" alt=\"Panor\u00e1mica Nn\u00ba6\" width=\"836\" height=\"625\" srcset=\"https:\/\/www.islacuicuilodge.cl\/wp-content\/uploads\/2012\/12\/Panor\u00e1mica-Nn\u00ba6.jpg 800w, https:\/\/www.islacuicuilodge.cl\/wp-content\/uploads\/2012\/12\/Panor\u00e1mica-Nn\u00ba6-300x224.jpg 300w, https:\/\/www.islacuicuilodge.cl\/wp-content\/uploads\/2012\/12\/Panor\u00e1mica-Nn\u00ba6-624x466.jpg 624w\" sizes=\"(max-width: 836px) 100vw, 836px\" \/><\/a><\/p>\n<p style=\"text-align: justify;\">\u00a0 \u00a0 \u00a0 \u00a0 \u00a0 \u00a0 \u00a0 \u00a0 \u00a0 \u00a0 \u00a0 \u00a0 \u00a0 \u00a0 \u00a0 \u00a0 \u00a0 \u00a0 \u00a0 <span style=\"color: #ff0000;\"><em><strong>\u00a0 \u00a0 \u00a0 \u00a0<\/strong><\/em><\/span><\/p>\n<p style=\"text-align: justify;\"><a href=\"https:\/\/www.islacuicuilodge.cl\/wp-content\/uploads\/2012\/12\/Panor\u00e1mica-N\u00ba7.jpg\"><img loading=\"lazy\" decoding=\"async\" class=\"aligncenter  wp-image-182\" src=\"https:\/\/www.islacuicuilodge.cl\/wp-content\/uploads\/2012\/12\/Panor\u00e1mica-N\u00ba7.jpg\" alt=\"Panor\u00e1mica N\u00ba7\" width=\"857\" height=\"643\" srcset=\"https:\/\/www.islacuicuilodge.cl\/wp-content\/uploads\/2012\/12\/Panor\u00e1mica-N\u00ba7.jpg 800w, https:\/\/www.islacuicuilodge.cl\/wp-content\/uploads\/2012\/12\/Panor\u00e1mica-N\u00ba7-300x225.jpg 300w, https:\/\/www.islacuicuilodge.cl\/wp-content\/uploads\/2012\/12\/Panor\u00e1mica-N\u00ba7-624x468.jpg 624w\" sizes=\"(max-width: 857px) 100vw, 857px\" \/><\/a><\/p>\n<p style=\"text-align: justify;\"><a style=\"line-height: 1.714285714; font-size: 1rem;\" href=\"https:\/\/www.islacuicuilodge.cl\/wp-content\/uploads\/2012\/12\/Panor\u00e1mica-N\u00ba8.jpg\"><img loading=\"lazy\" decoding=\"async\" class=\"aligncenter  wp-image-183\" src=\"https:\/\/www.islacuicuilodge.cl\/wp-content\/uploads\/2012\/12\/Panor\u00e1mica-N\u00ba8.jpg\" alt=\"Panor\u00e1mica N\u00ba8\" width=\"832\" height=\"624\" srcset=\"https:\/\/www.islacuicuilodge.cl\/wp-content\/uploads\/2012\/12\/Panor\u00e1mica-N\u00ba8.jpg 800w, https:\/\/www.islacuicuilodge.cl\/wp-content\/uploads\/2012\/12\/Panor\u00e1mica-N\u00ba8-300x225.jpg 300w, https:\/\/www.islacuicuilodge.cl\/wp-content\/uploads\/2012\/12\/Panor\u00e1mica-N\u00ba8-624x468.jpg 624w\" sizes=\"(max-width: 832px) 100vw, 832px\" \/><\/a><\/p>\n<p style=\"text-align: justify;\"><a href=\"https:\/\/www.islacuicuilodge.cl\/wp-content\/uploads\/2012\/12\/Panor\u00e1mica-N\u00ba.jpg\"><img loading=\"lazy\" decoding=\"async\" class=\"aligncenter  wp-image-187\" src=\"https:\/\/www.islacuicuilodge.cl\/wp-content\/uploads\/2012\/12\/Panor\u00e1mica-N\u00ba.jpg\" alt=\"Panor\u00e1mica N\u00ba!\" width=\"824\" height=\"618\" srcset=\"https:\/\/www.islacuicuilodge.cl\/wp-content\/uploads\/2012\/12\/Panor\u00e1mica-N\u00ba.jpg 800w, https:\/\/www.islacuicuilodge.cl\/wp-content\/uploads\/2012\/12\/Panor\u00e1mica-N\u00ba-300x225.jpg 300w, https:\/\/www.islacuicuilodge.cl\/wp-content\/uploads\/2012\/12\/Panor\u00e1mica-N\u00ba-624x468.jpg 624w\" sizes=\"(max-width: 824px) 100vw, 824px\" \/><\/a><\/p>\n<p style=\"text-align: justify;\"><a href=\"https:\/\/www.islacuicuilodge.cl\/wp-content\/uploads\/2012\/12\/N\u00ba3.jpg\"><img loading=\"lazy\" decoding=\"async\" class=\"aligncenter  wp-image-189\" src=\"https:\/\/www.islacuicuilodge.cl\/wp-content\/uploads\/2012\/12\/N\u00ba3.jpg\" alt=\"N\u00ba3\" width=\"813\" height=\"610\" srcset=\"https:\/\/www.islacuicuilodge.cl\/wp-content\/uploads\/2012\/12\/N\u00ba3.jpg 800w, https:\/\/www.islacuicuilodge.cl\/wp-content\/uploads\/2012\/12\/N\u00ba3-300x225.jpg 300w, https:\/\/www.islacuicuilodge.cl\/wp-content\/uploads\/2012\/12\/N\u00ba3-624x468.jpg 624w\" sizes=\"(max-width: 813px) 100vw, 813px\" \/><\/a><\/p>\n<p style=\"text-align: justify;\"><a href=\"https:\/\/www.islacuicuilodge.cl\/wp-content\/uploads\/2012\/12\/N\u00ba4.jpg\"><img loading=\"lazy\" decoding=\"async\" class=\"aligncenter size-full wp-image-190\" src=\"https:\/\/www.islacuicuilodge.cl\/wp-content\/uploads\/2012\/12\/N\u00ba4.jpg\" alt=\"N\u00ba4\" width=\"800\" height=\"600\" srcset=\"https:\/\/www.islacuicuilodge.cl\/wp-content\/uploads\/2012\/12\/N\u00ba4.jpg 800w, https:\/\/www.islacuicuilodge.cl\/wp-content\/uploads\/2012\/12\/N\u00ba4-300x225.jpg 300w, https:\/\/www.islacuicuilodge.cl\/wp-content\/uploads\/2012\/12\/N\u00ba4-624x468.jpg 624w\" sizes=\"(max-width: 800px) 100vw, 800px\" \/><\/a><\/p>\n<p style=\"text-align: justify;\"><a href=\"https:\/\/www.islacuicuilodge.cl\/wp-content\/uploads\/2012\/12\/N\u00ba5.jpg\"><img loading=\"lazy\" decoding=\"async\" class=\"aligncenter size-full wp-image-191\" src=\"https:\/\/www.islacuicuilodge.cl\/wp-content\/uploads\/2012\/12\/N\u00ba5.jpg\" alt=\"N\u00ba5\" width=\"800\" height=\"600\" srcset=\"https:\/\/www.islacuicuilodge.cl\/wp-content\/uploads\/2012\/12\/N\u00ba5.jpg 800w, https:\/\/www.islacuicuilodge.cl\/wp-content\/uploads\/2012\/12\/N\u00ba5-300x225.jpg 300w, https:\/\/www.islacuicuilodge.cl\/wp-content\/uploads\/2012\/12\/N\u00ba5-624x468.jpg 624w\" sizes=\"(max-width: 800px) 100vw, 800px\" \/><\/a><\/p>\n<p style=\"text-align: justify;\">\u00a0 \u00a0 \u00a0 \u00a0 \u00a0 \u00a0 \u00a0 \u00a0 \u00a0 \u00a0 \u00a0 \u00a0 \u00a0 \u00a0 \u00a0 \u00a0 \u00a0 \u00a0 \u00a0 \u00a0 \u00a0 \u00a0 \u00a0 \u00a0 \u00a0 \u00a0 \u00a0 \u00a0 \u00a0 \u00a0 \u00a0<span style=\"color: #ff0000;\"><em><strong><br \/><\/strong><\/em><\/span><\/p>\n<p style=\"text-align: justify;\"><a href=\"https:\/\/www.islacuicuilodge.cl\/wp-content\/uploads\/2012\/12\/N\u00ba9.jpg\"><img loading=\"lazy\" decoding=\"async\" class=\"aligncenter size-full wp-image-195\" src=\"https:\/\/www.islacuicuilodge.cl\/wp-content\/uploads\/2012\/12\/N\u00ba9.jpg\" alt=\"N\u00ba9\" width=\"800\" height=\"600\" srcset=\"https:\/\/www.islacuicuilodge.cl\/wp-content\/uploads\/2012\/12\/N\u00ba9.jpg 800w, https:\/\/www.islacuicuilodge.cl\/wp-content\/uploads\/2012\/12\/N\u00ba9-300x225.jpg 300w, https:\/\/www.islacuicuilodge.cl\/wp-content\/uploads\/2012\/12\/N\u00ba9-624x468.jpg 624w\" sizes=\"(max-width: 800px) 100vw, 800px\" \/><\/a><\/p>\n<p style=\"text-align: justify;\">\u00a0<\/p>","protected":false},"excerpt":{"rendered":"<p>\u00a0 La Isla Cui Cui se encuentra ubicada en el lago Puyehue. Se accede navegando cinco minutos en lancha. Est\u00e1 a 67 kil\u00f3metros de la ciudad de Osorno hacia la Cordillera de los Andes, y a solo 40 minutos del aeropuerto de esta ciudad. Tiene una superficie de 12,2 hect\u00e1reas. Las acomodaciones est\u00e1n rodeadas de [&hellip;]<\/p>\n","protected":false},"author":2,"featured_media":0,"parent":0,"menu_order":0,"comment_status":"closed","ping_status":"closed","template":"","meta":{"ngg_post_thumbnail":0,"footnotes":""},"_links":{"self":[{"href":"https:\/\/www.islacuicuilodge.cl\/index.php?rest_route=\/wp\/v2\/pages\/6"}],"collection":[{"href":"https:\/\/www.islacuicuilodge.cl\/index.php?rest_route=\/wp\/v2\/pages"}],"about":[{"href":"https:\/\/www.islacuicuilodge.cl\/index.php?rest_route=\/wp\/v2\/types\/page"}],"author":[{"embeddable":true,"href":"https:\/\/www.islacuicuilodge.cl\/index.php?rest_route=\/wp\/v2\/users\/2"}],"replies":[{"embeddable":true,"href":"https:\/\/www.islacuicuilodge.cl\/index.php?rest_route=%2Fwp%2Fv2%2Fcomments&post=6"}],"version-history":[{"count":51,"href":"https:\/\/www.islacuicuilodge.cl\/index.php?rest_route=\/wp\/v2\/pages\/6\/revisions"}],"predecessor-version":[{"id":416,"href":"https:\/\/www.islacuicuilodge.cl\/index.php?rest_route=\/wp\/v2\/pages\/6\/revisions\/416"}],"wp:attachment":[{"href":"https:\/\/www.islacuicuilodge.cl\/index.php?rest_route=%2Fwp%2Fv2%2Fmedia&parent=6"}],"curies":[{"name":"wp","href":"https:\/\/api.w.org\/{rel}","templated":true}]}}